{"id":796,"date":"2000-04-18T16:15:50","date_gmt":"2000-04-18T15:15:50","guid":{"rendered":"https:\/\/www.stgereon.info\/wordpress\/?p=796"},"modified":"2026-03-31T19:27:28","modified_gmt":"2026-03-31T18:27:28","slug":"796-2","status":"publish","type":"page","link":"https:\/\/www.stgereon.info\/wordpress\/","title":{"rendered":"<p class=\"has-text-align-center\">MARIA &amp; MARTA VON BETANIEN<\/p>"},"content":{"rendered":"\n<h3 class=\"wp-block-heading has-text-align-center\">Pastoraler Raum M\u00f6nchengladbach-S\u00fcd<\/h3>\n\n\n<ul class=\"wp-block-latest-posts__list has-link-color aligncenter wp-elements-7dd7df85b20e14eca949177b1f19787c wp-block-latest-posts has-text-color has-dark-gray-color has-background has-yellow-background-color has-medium-font-size\"><li><div class=\"wp-block-latest-posts__featured-image aligncenter\"><img loading=\"lazy\" decoding=\"async\" width=\"300\" height=\"180\" src=\"https:\/\/www.stgereon.info\/wordpress\/wp-content\/uploads\/2026\/03\/Logo-Pastoraler-Raum-Moenchengladbach-Sued-rechteckig2-300x180.png\" class=\"attachment-medium size-medium wp-post-image\" alt=\"\" style=\"max-width:300px;max-height:300px;\" srcset=\"https:\/\/www.stgereon.info\/wordpress\/wp-content\/uploads\/2026\/03\/Logo-Pastoraler-Raum-Moenchengladbach-Sued-rechteckig2-300x180.png 300w, https:\/\/www.stgereon.info\/wordpress\/wp-content\/uploads\/2026\/03\/Logo-Pastoraler-Raum-Moenchengladbach-Sued-rechteckig2-1024x614.png 1024w, https:\/\/www.stgereon.info\/wordpress\/wp-content\/uploads\/2026\/03\/Logo-Pastoraler-Raum-Moenchengladbach-Sued-rechteckig2-768x461.png 768w, https:\/\/www.stgereon.info\/wordpress\/wp-content\/uploads\/2026\/03\/Logo-Pastoraler-Raum-Moenchengladbach-Sued-rechteckig2-1536x922.png 1536w, https:\/\/www.stgereon.info\/wordpress\/wp-content\/uploads\/2026\/03\/Logo-Pastoraler-Raum-Moenchengladbach-Sued-rechteckig2-2048x1229.png 2048w\" sizes=\"auto, (max-width: 300px) 100vw, 300px\" \/><\/div><a class=\"wp-block-latest-posts__post-title\" href=\"https:\/\/www.stgereon.info\/wordpress\/?p=2536\">Informationen zur Fusion<\/a><div class=\"wp-block-latest-posts__post-excerpt\">Votum des Rates des Pastoralen Raumes M\u00f6nchengladbach-S\u00fcd \/ Maria und Marta von Betanien Auf &hellip; <a href=\"https:\/\/www.stgereon.info\/wordpress\/?p=2536\" class=\"more-link\"><span class=\"screen-reader-text\">Informationen zur Fusion<\/span> weiterlesen<\/a><\/div><\/li>\n<\/ul>\n\n<ul class=\"wp-block-latest-posts__list is-grid columns-2 aligncenter wp-block-latest-posts has-background has-light-gray-background-color has-medium-font-size\"><li><div class=\"wp-block-latest-posts__featured-image aligncenter\"><img loading=\"lazy\" decoding=\"async\" width=\"150\" height=\"150\" src=\"https:\/\/www.stgereon.info\/wordpress\/wp-content\/uploads\/2026\/02\/2026-02-25-08_50_06-Sing-mit.pdf-Adobe-Acrobat-Pro-2020-150x150.png\" class=\"attachment-thumbnail size-thumbnail wp-post-image\" alt=\"\" style=\"max-width:150px;max-height:150px;\" \/><\/div><a class=\"wp-block-latest-posts__post-title\" href=\"https:\/\/www.stgereon.info\/wordpress\/?p=2476\">Sing mit uns!<\/a><\/li>\n<li><div class=\"wp-block-latest-posts__featured-image aligncenter\"><img loading=\"lazy\" decoding=\"async\" width=\"150\" height=\"150\" src=\"https:\/\/www.stgereon.info\/wordpress\/wp-content\/uploads\/2026\/01\/Politician-sitting-at-round-table-in-boardroom-150x150.jpg\" class=\"attachment-thumbnail size-thumbnail wp-post-image\" alt=\"\" style=\"max-width:150px;max-height:150px;\" \/><\/div><a class=\"wp-block-latest-posts__post-title\" href=\"https:\/\/www.stgereon.info\/wordpress\/?p=2385\">Wir machen weiter!<\/a><\/li>\n<\/ul>\n\n<ul class=\"wp-block-latest-posts__list is-grid columns-2 aligncenter wp-block-latest-posts has-background has-light-gray-background-color has-medium-font-size\"><li><div class=\"wp-block-latest-posts__featured-image aligncenter\"><img loading=\"lazy\" decoding=\"async\" width=\"150\" height=\"150\" src=\"https:\/\/www.stgereon.info\/wordpress\/wp-content\/uploads\/2026\/01\/VIA-CRUCIS-150x150.jpg\" class=\"attachment-thumbnail size-thumbnail wp-post-image\" alt=\"\" style=\"max-width:150px;max-height:150px;\" srcset=\"https:\/\/www.stgereon.info\/wordpress\/wp-content\/uploads\/2026\/01\/VIA-CRUCIS-150x150.jpg 150w, https:\/\/www.stgereon.info\/wordpress\/wp-content\/uploads\/2026\/01\/VIA-CRUCIS-300x300.jpg 300w, https:\/\/www.stgereon.info\/wordpress\/wp-content\/uploads\/2026\/01\/VIA-CRUCIS-768x768.jpg 768w, https:\/\/www.stgereon.info\/wordpress\/wp-content\/uploads\/2026\/01\/VIA-CRUCIS.jpg 873w\" sizes=\"auto, (max-width: 150px) 100vw, 150px\" \/><\/div><a class=\"wp-block-latest-posts__post-title\" href=\"https:\/\/www.stgereon.info\/wordpress\/?p=2445\">VIA CRUCIS \u2013 Stationen<\/a><\/li>\n<li><div class=\"wp-block-latest-posts__featured-image aligncenter\"><img loading=\"lazy\" decoding=\"async\" width=\"150\" height=\"150\" src=\"https:\/\/www.stgereon.info\/wordpress\/wp-content\/uploads\/2026\/01\/WennStille-150x150.jpg\" class=\"attachment-thumbnail size-thumbnail wp-post-image\" alt=\"\" style=\"max-width:150px;max-height:150px;\" \/><\/div><a class=\"wp-block-latest-posts__post-title\" href=\"https:\/\/www.stgereon.info\/wordpress\/?p=2441\">Wenn Stille spricht \u2013 Passion in Musik<\/a><\/li>\n<\/ul>\n\n<ul class=\"wp-block-latest-posts__list is-grid columns-2 aligncenter wp-block-latest-posts has-background has-light-gray-background-color has-medium-font-size\"><\/ul>\n\n\n<p class=\"has-text-align-center has-medium-font-size\">Dies ist die Internetseite der Pfarren St. Gereon,<br>St. Mari\u00e4 Himmelfahrt, St. Josef und St. Paul.<br>Sie geh\u00f6ren zum Pastoralen Raum<br>&#8222;Maria und Marta von Betanien&#8220;<br>M\u00f6nchengladbach-S\u00fcd.<br>Weitere Pfarren in unserem Pastoralen Raum sind:<br>Herz Jesu Pongs, St. Marien Rheydt,<br>St. Laurentius Odenkirchen und<br>St. Benedikt von Nursia MG-Holt.<br>Diese Pfarren haben jeweils eine eigene Internetseite:<\/p>\n\n\n\n<div class=\"wp-block-buttons is-layout-flex wp-block-buttons-is-layout-flex\">\n<div class=\"wp-block-button has-custom-width wp-block-button__width-50\"><a class=\"wp-block-button__link wp-element-button\" href=\"https:\/\/gdg-rheydt-west.de\/start\/\">Herz Jesu Pongs<\/a><\/div>\n\n\n\n<div class=\"wp-block-button has-custom-width wp-block-button__width-50\"><a class=\"wp-block-button__link wp-element-button\" href=\"https:\/\/st-laurentius-mg.de\/\">St. LAURENTIUS ODENKIRCHEN<\/a><\/div>\n\n\n\n<div class=\"wp-block-button has-custom-width wp-block-button__width-50\"><a class=\"wp-block-button__link wp-element-button\" href=\"https:\/\/www.st-marien-ry.de\/\">St. Marien Rheydt<\/a><\/div>\n\n\n\n<div class=\"wp-block-button has-custom-width wp-block-button__width-50\"><a class=\"wp-block-button__link wp-element-button\" href=\"https:\/\/www.st.benedikt-mg.de\/\"><span style=\"white-space: nowrap;\">ST. BENEDIKT VON NURSIA MG-HOLT<\/span><\/a><\/div>\n<\/div>\n\n\n\n<div style=\"height:28px\" aria-hidden=\"true\" class=\"wp-block-spacer\"><\/div>\n\n\n\n<figure class=\"wp-block-image size-large\"><a href=\"https:\/\/www.stgereon.info\/wordpress\/?p=916\"><img decoding=\"async\" src=\"https:\/\/www.stgereon.info\/images\/banner.jpg\" alt=\"\"\/><\/a><\/figure>\n\n\n\n<figure class=\"wp-block-image size-large\"><img decoding=\"async\" src=\"https:\/\/www.stgereon.info\/images\/pic01.jpg\" alt=\"\"\/><\/figure>\n\n\n\n<figure class=\"wp-block-image size-large\"><img decoding=\"async\" src=\"https:\/\/www.stgereon.info\/images\/pic02.jpg\" alt=\"\"\/><\/figure>\n\n\n\n<figure class=\"wp-block-image size-large\"><img decoding=\"async\" src=\"https:\/\/www.stgereon.info\/images\/pic03.jpg\" alt=\"\"\/><\/figure>\n\n\n\n<p><br>BLEIBEN SIE MIT UNS IN VERBINDUNG ODER SCHREIBEN SIE UNS<br>Wenn Sie Fragen oder Anregungen haben, schicken Sie uns eine Mitteilung.<\/p>\n\n\n\n<div class=\"wp-block-buttons is-layout-flex wp-block-buttons-is-layout-flex\">\n<div class=\"wp-block-button is-style-fill\"><a class=\"wp-block-button__link wp-element-button\" href=\"mailto:gdg-giesenkirchenmuelfort@gmx.de\">E-Mail<\/a><\/div>\n\n\n\n<div class=\"wp-block-button\"><a class=\"wp-block-button__link wp-element-button\" href=\"https:\/\/www.stgereon.info\/wordpress\/?p=810\">Kontakt<\/a><\/div>\n<\/div>\n\n\n\n<p><br>W\u00fcrden Sie gerne einen Beitrag einreichen? M\u00f6chten Sie aus Ihrer Gruppe etwas berichten oder auf einen Termin aufmerksam machen? Dann senden Sie uns eine E-Mail an die E-Mail-Adresse <a href=\"mailto:beitrag@stgereon.info\">beitrag@stgereon.info<\/a>.<\/p>\n\n\n\n<div class=\"wp-block-buttons is-layout-flex wp-block-buttons-is-layout-flex\">\n<div class=\"wp-block-button\"><a class=\"wp-block-button__link wp-element-button\" href=\"mailto:beitrag@stgereon.info\">NEUEN BEITRAG EINSENDEN<\/a><\/div>\n<\/div>\n","protected":false},"excerpt":{"rendered":"<p>Pastoraler Raum M\u00f6nchengladbach-S\u00fcd Dies ist die Internetseite der Pfarren St. Gereon,St. Mari\u00e4 Himmelfahrt, St. Josef und St. Paul.Sie geh\u00f6ren zum Pastoralen Raum&#8222;Maria und Marta von Betanien&#8220;M\u00f6nchengladbach-S\u00fcd.Weitere Pfarren in unserem Pastoralen Raum sind:Herz Jesu Pongs, St. Marien Rheydt,St. Laurentius Odenkirchen undSt. Benedikt von Nursia MG-Holt.Diese Pfarren haben jeweils eine eigene Internetseite: BLEIBEN SIE MIT UNS IN &hellip; <a href=\"https:\/\/www.stgereon.info\/wordpress\/\" class=\"more-link\"><span class=\"screen-reader-text\"><\/p>\n<p class=\"has-text-align-center\">MARIA &amp; MARTA VON BETANIEN<\/p>\n<p><\/span> weiterlesen<\/a><\/p>\n","protected":false},"author":1,"featured_media":0,"parent":0,"menu_order":0,"comment_status":"closed","ping_status":"closed","template":"","meta":{"ngg_post_thumbnail":0,"footnotes":""},"class_list":["post-796","page","type-page","status-publish","hentry"],"_links":{"self":[{"href":"https:\/\/www.stgereon.info\/wordpress\/index.php?rest_route=\/wp\/v2\/pages\/796","targetHints":{"allow":["GET"]}}],"collection":[{"href":"https:\/\/www.stgereon.info\/wordpress\/index.php?rest_route=\/wp\/v2\/pages"}],"about":[{"href":"https:\/\/www.stgereon.info\/wordpress\/index.php?rest_route=\/wp\/v2\/types\/page"}],"author":[{"embeddable":true,"href":"https:\/\/www.stgereon.info\/wordpress\/index.php?rest_route=\/wp\/v2\/users\/1"}],"replies":[{"embeddable":true,"href":"https:\/\/www.stgereon.info\/wordpress\/index.php?rest_route=%2Fwp%2Fv2%2Fcomments&post=796"}],"version-history":[{"count":88,"href":"https:\/\/www.stgereon.info\/wordpress\/index.php?rest_route=\/wp\/v2\/pages\/796\/revisions"}],"predecessor-version":[{"id":2549,"href":"https:\/\/www.stgereon.info\/wordpress\/index.php?rest_route=\/wp\/v2\/pages\/796\/revisions\/2549"}],"wp:attachment":[{"href":"https:\/\/www.stgereon.info\/wordpress\/index.php?rest_route=%2Fwp%2Fv2%2Fmedia&parent=796"}],"curies":[{"name":"wp","href":"https:\/\/api.w.org\/{rel}","templated":true}]}}